{"id":189,"date":"2021-05-14T16:36:47","date_gmt":"2021-05-14T14:36:47","guid":{"rendered":"https:\/\/www.cbciudaddecadiz.com\/?page_id=189"},"modified":"2023-11-20T14:15:53","modified_gmt":"2023-11-20T13:15:53","slug":"pre-minibasket-mixto","status":"publish","type":"page","link":"https:\/\/www.cbciudaddecadiz.com\/index.php\/pre-minibasket-mixto\/","title":{"rendered":"PreMinibasket Femenino FENIE ENERG\u00cdA"},"content":{"rendered":"<style>.kb-image189_388835-4c .kb-image-has-overlay:after{opacity:0.3;border-top-left-radius:1px;border-top-right-radius:1px;border-bottom-right-radius:1px;border-bottom-left-radius:1px;}.kb-image189_388835-4c img.kb-img, .kb-image189_388835-4c .kb-img img{border-top:2px solid #ad0101;border-right:2px solid #ad0101;border-bottom:2px solid #ad0101;border-left:2px solid #ad0101;border-top-left-radius:1px;border-top-right-radius:1px;border-bottom-right-radius:1px;border-bottom-left-radius:1px;}@media all and (max-width: 1024px){.kb-image189_388835-4c img.kb-img, .kb-image189_388835-4c .kb-img img{border-top:2px solid #ad0101;border-right:2px solid #ad0101;border-bottom:2px solid #ad0101;border-left:2px solid #ad0101;}}@media all and (max-width: 767px){.kb-image189_388835-4c img.kb-img, .kb-image189_388835-4c .kb-img img{border-top:2px solid #ad0101;border-right:2px solid #ad0101;border-bottom:2px solid #ad0101;border-left:2px solid #ad0101;}}<\/style>\n<figure class=\"wp-block-kadence-image kb-image189_388835-4c\"><img decoding=\"async\" width=\"1434\" height=\"968\" data-src=\"https:\/\/www.cbciudaddecadiz.com\/wp-content\/uploads\/2023\/11\/WhatsApp-Image-2023-10-04-at-17.27.50-e1700423956558.jpeg\" alt=\"\" class=\"kb-img wp-image-1462 lazyload\" data-srcset=\"https:\/\/www.cbciudaddecadiz.com\/wp-content\/uploads\/2023\/11\/WhatsApp-Image-2023-10-04-at-17.27.50-e1700423956558.jpeg 1434w, https:\/\/www.cbciudaddecadiz.com\/wp-content\/uploads\/2023\/11\/WhatsApp-Image-2023-10-04-at-17.27.50-e1700423956558-300x203.jpeg 300w, https:\/\/www.cbciudaddecadiz.com\/wp-content\/uploads\/2023\/11\/WhatsApp-Image-2023-10-04-at-17.27.50-e1700423956558-1024x691.jpeg 1024w, https:\/\/www.cbciudaddecadiz.com\/wp-content\/uploads\/2023\/11\/WhatsApp-Image-2023-10-04-at-17.27.50-e1700423956558-768x518.jpeg 768w\" data-sizes=\"(max-width: 1434px) 100vw, 1434px\" src=\"data:image\/svg+xml;base64,PHN2ZyB3aWR0aD0iMSIgaGVpZ2h0PSIxIiB4bWxucz0iaHR0cDovL3d3dy53My5vcmcvMjAwMC9zdmciPjwvc3ZnPg==\" style=\"--smush-placeholder-width: 1434px; --smush-placeholder-aspect-ratio: 1434\/968;\" \/><\/figure>\n\n\n\n<figure class=\"wp-block-table is-style-stripes\"><table class=\"has-black-color has-pale-pink-background-color has-text-color has-background\"><tbody><tr><td class=\"has-text-align-center\" data-align=\"center\"><strong>DORSAL<\/strong><\/td><td class=\"has-text-align-center\" data-align=\"center\"><strong>NOMBRE DEL JUGADOR\/A<\/strong><\/td><td class=\"has-text-align-center\" data-align=\"center\"><strong>A\u00d1O DE NACIMIENTO<\/strong><\/td><\/tr><tr><td class=\"has-text-align-center\" data-align=\"center\">3<\/td><td class=\"has-text-align-center\" data-align=\"center\">EMMA L\u00d3PEZ<\/td><td class=\"has-text-align-center\" data-align=\"center\">2015<\/td><\/tr><tr><td class=\"has-text-align-center\" data-align=\"center\">7<\/td><td class=\"has-text-align-center\" data-align=\"center\">AINHOA BAY\u00d3N<\/td><td class=\"has-text-align-center\" data-align=\"center\">2014<\/td><\/tr><tr><td class=\"has-text-align-center\" data-align=\"center\">9<\/td><td class=\"has-text-align-center\" data-align=\"center\">CAROLINA FERN\u00c1NDEZ<\/td><td class=\"has-text-align-center\" data-align=\"center\">2015<\/td><\/tr><tr><td class=\"has-text-align-center\" data-align=\"center\">11<\/td><td class=\"has-text-align-center\" data-align=\"center\">PAULA VALIENTE<\/td><td class=\"has-text-align-center\" data-align=\"center\">2015<\/td><\/tr><tr><td class=\"has-text-align-center\" data-align=\"center\">15<\/td><td class=\"has-text-align-center\" data-align=\"center\">CLOE LOUZADO<\/td><td class=\"has-text-align-center\" data-align=\"center\">2015<\/td><\/tr><tr><td class=\"has-text-align-center\" data-align=\"center\">18<\/td><td class=\"has-text-align-center\" data-align=\"center\">ALEJANDRA M\u00c9NDEZ<\/td><td class=\"has-text-align-center\" data-align=\"center\">2014<\/td><\/tr><tr><td class=\"has-text-align-center\" data-align=\"center\">19<\/td><td class=\"has-text-align-center\" data-align=\"center\">CARMEN DEL RIO<\/td><td class=\"has-text-align-center\" data-align=\"center\">2015<\/td><\/tr><tr><td class=\"has-text-align-center\" data-align=\"center\">22<\/td><td class=\"has-text-align-center\" data-align=\"center\">HELIANA DOM\u00cdNGUEZ<\/td><td class=\"has-text-align-center\" data-align=\"center\">2014<\/td><\/tr><tr><td class=\"has-text-align-center\" data-align=\"center\">25<\/td><td class=\"has-text-align-center\" data-align=\"center\">MARTA MART\u00cdNEZ<\/td><td class=\"has-text-align-center\" data-align=\"center\">2015<\/td><\/tr><tr><td class=\"has-text-align-center\" data-align=\"center\">26<\/td><td class=\"has-text-align-center\" data-align=\"center\">SARA RODR\u00cdGUEZ<\/td><td class=\"has-text-align-center\" data-align=\"center\">2014<\/td><\/tr><tr><td class=\"has-text-align-center\" data-align=\"center\">34<\/td><td class=\"has-text-align-center\" data-align=\"center\">ESTHER MATEO<\/td><td class=\"has-text-align-center\" data-align=\"center\">2015<\/td><\/tr><tr><td class=\"has-text-align-center\" data-align=\"center\">63<\/td><td class=\"has-text-align-center\" data-align=\"center\">ARIADNA MORENO<\/td><td class=\"has-text-align-center\" data-align=\"center\">2015<\/td><\/tr><tr><td class=\"has-text-align-center\" data-align=\"center\">88<\/td><td class=\"has-text-align-center\" data-align=\"center\">NOA PE\u00d1A<\/td><td class=\"has-text-align-center\" data-align=\"center\">2014<\/td><\/tr><tr><td class=\"has-text-align-center\" data-align=\"center\"><\/td><td class=\"has-text-align-center\" data-align=\"center\">ROC\u00cdO FERN\u00c1NDEZ<\/td><td class=\"has-text-align-center\" data-align=\"center\">2015<\/td><\/tr><tr><td class=\"has-text-align-center\" data-align=\"center\"><\/td><td class=\"has-text-align-center\" data-align=\"center\">ANA GARC\u00cdA-FERRES<\/td><td class=\"has-text-align-center\" data-align=\"center\">2015<\/td><\/tr><tr><td class=\"has-text-align-center\" data-align=\"center\"><\/td><td class=\"has-text-align-center\" data-align=\"center\">PRISCILA MORENO<\/td><td class=\"has-text-align-center\" data-align=\"center\">2015<\/td><\/tr><tr><td class=\"has-text-align-center\" data-align=\"center\"><strong>Entrenadora<\/strong><\/td><td class=\"has-text-align-center\" data-align=\"center\"><strong>AINHOA BUSTAMANTE<\/strong><\/td><td class=\"has-text-align-center\" data-align=\"center\"><\/td><\/tr><tr><td class=\"has-text-align-center\" data-align=\"center\"><strong>Entrenadora<\/strong><\/td><td class=\"has-text-align-center\" data-align=\"center\"><strong>LUC\u00cdA CRESPILLO<\/strong><\/td><td class=\"has-text-align-center\" data-align=\"center\"><\/td><\/tr><\/tbody><\/table><\/figure>\n","protected":false},"excerpt":{"rendered":"<p>DORSAL NOMBRE DEL JUGADOR\/A A\u00d1O DE NACIMIENTO 3 EMMA L\u00d3PEZ 2015 7 AINHOA BAY\u00d3N 2014 9 CAROLINA FERN\u00c1NDEZ 2015 11 PAULA VALIENTE 2015 15 CLOE LOUZADO 2015 18 ALEJANDRA M\u00c9NDEZ 2014 19 CARMEN DEL RIO 2015 22 HELIANA DOM\u00cdNGUEZ 2014 25 MARTA MART\u00cdNEZ 2015 26 SARA RODR\u00cdGUEZ 2014 34 ESTHER MATEO 2015 63 ARIADNA MORENO&#8230;<\/p>\n","protected":false},"author":1,"featured_media":0,"parent":0,"menu_order":0,"comment_status":"closed","ping_status":"closed","template":"","meta":{"_uag_custom_page_level_css":"","_monsterinsights_skip_tracking":false,"_monsterinsights_sitenote_active":false,"_monsterinsights_sitenote_note":"","_monsterinsights_sitenote_category":0,"_kad_post_transparent":"","_kad_post_title":"","_kad_post_layout":"","_kad_post_sidebar_id":"","_kad_post_content_style":"","_kad_post_vertical_padding":"","_kad_post_feature":"","_kad_post_feature_position":"","_kad_post_header":false,"_kad_post_footer":false,"_kad_post_classname":"","footnotes":""},"class_list":["post-189","page","type-page","status-publish","hentry"],"uagb_featured_image_src":{"full":false,"thumbnail":false,"medium":false,"medium_large":false,"large":false,"1536x1536":false,"2048x2048":false},"uagb_author_info":{"display_name":"CBC C\u00e1diz","author_link":"https:\/\/www.cbciudaddecadiz.com\/index.php\/author\/admin\/"},"uagb_comment_info":0,"uagb_excerpt":"DORSAL NOMBRE DEL JUGADOR\/A A\u00d1O DE NACIMIENTO 3 EMMA L\u00d3PEZ 2015 7 AINHOA BAY\u00d3N 2014 9 CAROLINA FERN\u00c1NDEZ 2015 11 PAULA VALIENTE 2015 15 CLOE LOUZADO 2015 18 ALEJANDRA M\u00c9NDEZ 2014 19 CARMEN DEL RIO 2015 22 HELIANA DOM\u00cdNGUEZ 2014 25 MARTA MART\u00cdNEZ 2015 26 SARA RODR\u00cdGUEZ 2014 34 ESTHER MATEO 2015 63 ARIADNA MORENO...","_links":{"self":[{"href":"https:\/\/www.cbciudaddecadiz.com\/index.php\/wp-json\/wp\/v2\/pages\/189","targetHints":{"allow":["GET"]}}],"collection":[{"href":"https:\/\/www.cbciudaddecadiz.com\/index.php\/wp-json\/wp\/v2\/pages"}],"about":[{"href":"https:\/\/www.cbciudaddecadiz.com\/index.php\/wp-json\/wp\/v2\/types\/page"}],"author":[{"embeddable":true,"href":"https:\/\/www.cbciudaddecadiz.com\/index.php\/wp-json\/wp\/v2\/users\/1"}],"replies":[{"embeddable":true,"href":"https:\/\/www.cbciudaddecadiz.com\/index.php\/wp-json\/wp\/v2\/comments?post=189"}],"version-history":[{"count":23,"href":"https:\/\/www.cbciudaddecadiz.com\/index.php\/wp-json\/wp\/v2\/pages\/189\/revisions"}],"predecessor-version":[{"id":1539,"href":"https:\/\/www.cbciudaddecadiz.com\/index.php\/wp-json\/wp\/v2\/pages\/189\/revisions\/1539"}],"wp:attachment":[{"href":"https:\/\/www.cbciudaddecadiz.com\/index.php\/wp-json\/wp\/v2\/media?parent=189"}],"curies":[{"name":"wp","href":"https:\/\/api.w.org\/{rel}","templated":true}]}}