{"id":75,"date":"2021-04-25T10:48:50","date_gmt":"2021-04-25T08:48:50","guid":{"rendered":"https:\/\/www.cbciudaddecadiz.com\/?page_id=75"},"modified":"2026-08-06T11:05:11","modified_gmt":"2026-08-06T09:05:11","slug":"cuerpo-tecnico","status":"publish","type":"page","link":"https:\/\/www.cbciudaddecadiz.com\/index.php\/cuerpo-tecnico\/","title":{"rendered":"Cuerpo t\u00e9cnico"},"content":{"rendered":"\n<p class=\"wp-block-paragraph\"><strong>Director T\u00e9cnico de la Secci\u00f3n Masculina: <\/strong>Juan Jos\u00e9 Urbano Ru\u00edz<\/p>\n\n\n\n<p class=\"wp-block-paragraph\"><strong>Director T\u00e9cnico de la Secci\u00f3n Femenina:<\/strong> Jes\u00fas Rey Mart\u00ednez<\/p>\n\n\n\n<p class=\"wp-block-paragraph\"><strong>Entrenadores: <\/strong><\/p>\n\n\n\n<ul class=\"wp-block-list\">\n<li>Babybasket Mixto: Edu Romero y Carmen Mandado<\/li>\n\n\n\n<li>PreMini Femenino: Jos\u00e9 Ju\u00e1rez y Celia Cordero<\/li>\n\n\n\n<li>PreMini Masculino: Jos\u00e9 Ju\u00e1rez y Jos\u00e9 Ju\u00e1rez (hijo)<\/li>\n\n\n\n<li>Mini Femenino: Ainhoa Bustamante e Isa Santos<\/li>\n\n\n\n<li>Mini Masculino: Mario Ram\u00edrez y Rub\u00e9n Gallego<\/li>\n\n\n\n<li>Infantil Femenino: Jes\u00fas Rey y Nacho Couce<\/li>\n\n\n\n<li>Infantil Masculino: Elena Mey y Edu Romero<\/li>\n\n\n\n<li>Cadete Femenino: Jes\u00fas Rey y Celia Cordero<\/li>\n\n\n\n<li>Cadete Masculino: Jos\u00e9 Mey y Jes\u00fas Silva<\/li>\n\n\n\n<li>Junior Masculino: Roberto Urbano y Juan Jos\u00e9 Urbano<\/li>\n\n\n\n<li>Senior Femenino: Jes\u00fas Rey<\/li>\n\n\n\n<li>Senior Masculino: Juan Antonio Ruiz<\/li>\n<\/ul>\n","protected":false},"excerpt":{"rendered":"<p>Director T\u00e9cnico de la Secci\u00f3n Masculina: Juan Jos\u00e9 Urbano Ru\u00edz Director T\u00e9cnico de la Secci\u00f3n Femenina: Jes\u00fas Rey Mart\u00ednez Entrenadores:<\/p>\n","protected":false},"author":1,"featured_media":0,"parent":0,"menu_order":0,"comment_status":"closed","ping_status":"closed","template":"","meta":{"_uag_custom_page_level_css":"","_monsterinsights_skip_tracking":false,"_kad_post_transparent":"","_kad_post_title":"","_kad_post_layout":"","_kad_post_sidebar_id":"","_kad_post_content_style":"","_kad_post_vertical_padding":"","_kad_post_feature":"","_kad_post_feature_position":"","_kad_post_header":false,"_kad_post_footer":false,"_kad_post_classname":"","footnotes":""},"class_list":["post-75","page","type-page","status-publish","hentry"],"uagb_featured_image_src":{"full":false,"thumbnail":false,"medium":false,"medium_large":false,"large":false,"1536x1536":false,"2048x2048":false},"uagb_author_info":{"display_name":"CBC C\u00e1diz","author_link":"https:\/\/www.cbciudaddecadiz.com\/index.php\/author\/admin\/"},"uagb_comment_info":0,"uagb_excerpt":"Director T\u00e9cnico de la Secci\u00f3n Masculina: Juan Jos\u00e9 Urbano Ru\u00edz Director T\u00e9cnico de la Secci\u00f3n Femenina: Jes\u00fas Rey Mart\u00ednez Entrenadores:","_links":{"self":[{"href":"https:\/\/www.cbciudaddecadiz.com\/index.php\/wp-json\/wp\/v2\/pages\/75","targetHints":{"allow":["GET"]}}],"collection":[{"href":"https:\/\/www.cbciudaddecadiz.com\/index.php\/wp-json\/wp\/v2\/pages"}],"about":[{"href":"https:\/\/www.cbciudaddecadiz.com\/index.php\/wp-json\/wp\/v2\/types\/page"}],"author":[{"embeddable":true,"href":"https:\/\/www.cbciudaddecadiz.com\/index.php\/wp-json\/wp\/v2\/users\/1"}],"replies":[{"embeddable":true,"href":"https:\/\/www.cbciudaddecadiz.com\/index.php\/wp-json\/wp\/v2\/comments?post=75"}],"version-history":[{"count":9,"href":"https:\/\/www.cbciudaddecadiz.com\/index.php\/wp-json\/wp\/v2\/pages\/75\/revisions"}],"predecessor-version":[{"id":2201,"href":"https:\/\/www.cbciudaddecadiz.com\/index.php\/wp-json\/wp\/v2\/pages\/75\/revisions\/2201"}],"wp:attachment":[{"href":"https:\/\/www.cbciudaddecadiz.com\/index.php\/wp-json\/wp\/v2\/media?parent=75"}],"curies":[{"name":"wp","href":"https:\/\/api.w.org\/{rel}","templated":true}]}}

Cuerpo técnico

<p class="wp-block-paragraph"><strong>Director Técnico de la Sección Masculina: </strong>Juan José Urbano Ruíz</p>



<p class="wp-block-paragraph"><strong>Director Técnico de la Sección Femenina:</strong> Jesús Rey Martínez</p>



<p class="wp-block-paragraph"><strong>Entrenadores: </strong></p>



<ul class="wp-block-list">
<li>Babybasket Mixto: Edu Romero y Carmen Mandado</li>



<li>PreMini Femenino: José Juárez y Celia Cordero</li>



<li>PreMini Masculino: José Juárez y José Juárez (hijo)</li>



<li>Mini Femenino: Ainhoa Bustamante e Isa Santos</li>



<li>Mini Masculino: Mario Ramírez y Rubén Gallego</li>



<li>Infantil Femenino: Jesús Rey y Nacho Couce</li>



<li>Infantil Masculino: Elena Mey y Edu Romero</li>



<li>Cadete Femenino: Jesús Rey y Celia Cordero</li>



<li>Cadete Masculino: José Mey y Jesús Silva</li>



<li>Junior Masculino: Roberto Urbano y Juan José Urbano</li>



<li>Senior Femenino: Jesús Rey</li>



<li>Senior Masculino: Juan Antonio Ruiz</li>
</ul>

<p>Director Técnico de la Sección Masculina: Juan José Urbano Ruíz Director Técnico de la Sección Femenina: Jesús Rey Martínez Entrenadores:</p>

CBC Cádiz

Director Técnico de la Sección Masculina: Juan José Urbano Ruíz Director Técnico de la Sección Femenina: Jesús Rey Martínez Entrenadores:
